 is the value of (-1 - 5) + -51 + 42 + 8 + 1?
-6
3 + (5 - (-6 - (-1 + -5 + 4)))
12
What is (-157 - -194) + -68 + 0?
-31
Evaluate -13 + 5 + (-20 - -14) + 0.
-14
What is the value of 2 + -9 - (-18 - -22) - -12?
1
Calculate 6 - (-8 + 10 - (10 - 5) - -11).
-2
What is the value of (-16 - (-17 + -13)) + -7?
7
(5 - (1 + -10 + -2 + 3)) + -6
7
4 + (19 - 7) + -5 + 0
11
Calculate -7 + (-6 - (0 + (10 - (5 - -12)))).
-6
Calculate 0 + 1 + 2 + (-567 - -570) + 8.
14
What is the value of 0 - (-20 - (1 + -4)) - 8?
9
(-29 - -46) + 3 + (4 - 5)
19
What is the value of 1 - (8 + 6 + -2)?
-11
What is (-1 - 5) + ((-7 - -19) + -5 - 33)?
-32
11 + 3 + (-2 - 5 - -2 - -4)
13
3 + 9 + -13 + -2 + 11 + 2
10
What is the value of 14 - (11 + -4 + (6 - 18))?
19
Calculate 9 + (-21 - -9) + 12 + 0.
9
0 + 10 - (-15 + 28)
-3
What is -13 - (0 + -11) - 15?
-17
24 - (30 - (-21 + 28))
1
1 + -4 - (-10 + 4 + 8)
-5
0 + 5 + (1 + -7 - -3)
2
What is the value of (15 - 37) + 3 - -14?
-5
What is the value of (7 - (15 + -24)) + -19?
-3
What is the value of -97 + 108 + (-1 - (-1 + -12))?
23
What is -2 + -3 - (-2 - (-12 - (-5 + 1)))?
-11
What is the value of 0 + 9 + 1 - (-4 + 4)?
10
Calculate (0 - (-14 - -19 - (6 - 3))) + -1.
-3
Evaluate -16 + -6 + 21 + (-1 + -2 - 1).
-5
What is the value of (-15 - 0) + (-5 + -1 - -13)?
-8
Calculate (22 - 13 - 4) + 0 + -9.
-4
Calculate 6 + (-11 + 8 - -8) - 3.
8
What is the value of 3 + 7 + (11 - (30 + -12))?
3
Evaluate 3 - ((-7 + 4 - 1) + 11 - -3).
-7
41 + (31 - (35 - -37))
0
Evaluate (0 - 13) + (-25 - -32) - -12 - 24.
-18
Calculate -11 + (-19 - (-48 + -18)) + -13.
23
Evaluate -7 + (-1 + 2 - 9) + 1.
-14
Calculate -19 + (10 - -14) - (3 + -1).
3
What is 9 - (-1 - (6 + (-6 - 4)))?
6
Calculate 2 + 48 + 260 + -286.
24
What is the value of 0 - (-32 - -7) - 16?
9
Calculate -23 + 22 + 3 + (4 - 0).
6
What is 44 + -55 + (21 - 1)?
9
Calculate 10 + 4 + -27 + 14 + (0 - 13).
-12
What is 17 - 3 - (-135 - -139)?
10
What is the value of -16 - -17 - -2 - (2 + -2 - 1)?
4
3 - (-13 + 9) - 13 - 1
-7
What is 19 - 5 - -5 - 3 - (3 + 0)?
13
Evaluate -1 + -10 + 7 + 9 + -3.
2
What is the value of 1 + (6 - -3) + (-11 - 4 - 1)?
-6
(-7 + 5 + 7 - 21) + (12 - 5)
-9
Calculate -8 - (11 + -5 - 10) - -9.
5
Evaluate (14 - 0 - 11) + (6 - 3) + -5.
1
-5 + (-6 - (9 - 8)) + 15
3
Calculate 0 + (-9 - -2) + 18 + -13.
-2
Evaluate 4 + 4 + 0 + -6.
2
What is -13 - -2 - (-101 - (5 - 63))?
32
Evaluate -4 + -13 + 24 - 8.
-1
Evaluate (1 - 4) + (-13 - -5).
-11
-16 - (-11 - 20) - (5 + 3)
7
Calculate -23 + (26 - (-8 + -7)).
18
9 - -2 - (17 + -5)
-1
Calculate -19 - (15 - 26) - 25.
-33
Evaluate 33 + -10 + 2 + -16.
9
(37 - 23) + (5 - 8) + 28
39
What is the value of (12 - (-15 + 13)) + -3?
11
What is the value of -4 + 2 + (-20 - -11) + -3 + 7?
-7
Evaluate 13 - 11 - (11 + 0 - (-3 + 4)).
-8
What is -8 - -21 - (46 - 18 - 4)?
-11
What is (-41 - -46 - (-9 - 0)) + -5?
9
What is -23 + -10 + (144 + -154 - (-19 - 1))?
-23
0 + -9 + 12 + (1 - 10) - 5
-11
What is -8 + 15 + 6 + -13 - -22?
22
2 + 2 + (-3 - (2 - (4 - -6)))
9
What is the value of 2 + (-19 - -4 - (-2 - 12))?
1
Calculate 47 + -4 - (371 + -313).
-15
What is the value of -20 + 15 - (-13 + 7 - -11)?
-10
-75 - -84 - (5 + -10 + -5 + 4)
15
20 + 40 + -43 + 20
37
Evaluate 50 - 26 - 23 - (-1 - (-19 + -2)).
-19
What is the value of 3 - ((7 - (-4 + 9)) + -15)?
16
Evaluate -4 - -3 - ((2 - 18 - -6) + -1).
10
Evaluate 7 + (-4 - (-9 - -7)) + 4.
9
What is the value of (2 - -5) + 267 + -273?
1
What is 4 - (10 + -14 + -4 - 0)?
12
Calculate -1 + 14 + 21 - 46.
-12
What is the value of -23 + (8 - 8) + 23?
0
-31 + (-33 + 22 - -21)
-21
What is the value of 18 + (-7 - 9) + (-23 - 0)?
-21
What is the value of -8 - (-8 + 19 - 25) - 17?
-11
Calculate 24 + (47 - 27) + -20.
24
Calculate 8 + -18 + 6 + (1 - -5).
2
Evaluate (0 - (-6 + 5)) + 6 + -1 + -18.
-12
What is the value of 28 + -78 + (4 - -22)?
-24
Calculate 10 - (-5 + 8 - 4 - (6 - 4)).
13
What is (14 - -12) + -10 + -7?
9
-5 + 0 - (-2 + (2 - -8) - 18)
5
(1 - (-6 + -2)) + (-3 + 1 - -5)
12
(-1 - -8) + -3 + (32 - 20 - 4)
12
What is the value of 16 - (0 + -1) - -1 - (1460 - 1456)?
14
What is -13 + (12 - -6) - -2?
7
Calculate 11 + (-6 - -7 - 10) + 5.
7
What is the value of -6 + 5 + 0 + 3 + 12 + -7?
7
Evaluate 22 + -14 + -12 + (22 - 14).
4
Evaluate (-19 - -5) + 3 + 1 + 3.
-7
What is -40 - (-31 + 16 + -2)?
-23
What is 3 + 1 - 9 - (-237 - -249)?
-17
What is the value of 12 + (-6 - -1 - (15 + -19 + 5))?
6
What is the value of 19 + (-25 - (-1 + -15))?
10
3 + 6 + -14 + 11 + (-27 - -3)
-18
Calculate (0 - (0 - -19)) + -7 + -6 + 14.
-18
What is -1 - (-20 + -6 + 16 + -3)?
12
Evaluate (9 - ((-8 - -4 - -30) + -1)) + -5.
-21
Calculate -945 + 948 + (1 - -5).
9
(-10 - (3 - (0 + -1))) + 3
-11
Calculate (16 - 7) + (-1 - (-2 + 8)).
2
-3 + (1 + 0 - -5)
3
Evaluate 35 + -4 + (136 - 167).
0
Calculate 28 - (-6 - (1 + 3 + -9)).
29
Evaluate (1 - -2 - -23) + -8 + 10 + -6.
22
What is -11 - (-20 - (-7 - (13 + -1)))?
-10
Evaluate (4 - (8 - 0)) + -5 + 11 - 5.
-3
What is (3 - -11 - (15 + -9)) + -6 + -18?
-16
What is the value of 11 + -34 + (-1 - (3 + 4)) - 1?
-32
Calculate 2 - ((-1 - -10) + 3 + -4 + 1).
-7
-13 + 1 - (21 - 4 - 24)
-5
-4 + 7 - 4 - -2
1
(0 - (-4 - -1)) + (15 - 36) + 16
-2
Calculate 3 - (23 - (-3 - (5 + -16))).
-12
Evaluate -2 + 11 - ((1 - -3) + -16).
21
What is the value of (1 + (7 - 0) - (7 - -11)) + 5?
-5
Calculate 152 - 79 - (35 - -8).
30
Calculate 17 + 66 + -80 + 0 + 12.
15
What is the value of (-16 - (-12 + -2)) + 1 + -3?
-4
Calculate -9 + (32 + -11 - -9).
21
Calculate 10 - (5 + (-8 - -5)).
8
Evaluate -6 - -6 - (-4 + 2 + 0).
2
Calculate -19 + 35 + 18 + -53.
-19
What is (-6 - -12 - 11 - -5) + -38 + 0?
-38
-6 + (-6 - -4 - (-10 - 5))
7
Calculate 23 - ((-1 - -16) + (-25 - (17 - 34))).
16
Calculate (1 - 9) + (191 - 188).
-5
Evaluate (-4 + -2 - (1 + -14)) + 10.
17
What is 11 + (3 - -25) + -3 + -5?
31
Evaluate -54 + -8 + 28 - -32.
-2
(6 - 13) + 7 + -2
-2
Calculate -16 - (-71 + 56 + 12 + 1).
-14
What is the value of -21 - -23 - ((-12 - -15) + -23)?
22
Evaluate 5 + 0 - 14 - 2.
-11
(-4 - -1) + -242 + 260 + (1 - 40)
-24
14 - (-12 + 23 - 8)
11
9 - (4 - (9 + -12) - 9)
11
13 + (12 - 43) + 6
-12
Evaluate -297 - -295 - (9 - (3 - 0)).
-8
Evaluate 1111 - 1101 - (-1 + 26).
-15
What is 7 + -7 + 16 + -9?
7
What is the value of -17 - (-7 - 21) - (25 + -1)?
-13
4 - (-5 + -6 + 10 - (1 + -3))
3
10 - (2 - -2 - (72 + -67))
11
What is -17 + (35 - 14) + 5 + 2 + -8?
3
What is 13 + -24 + 21 + -9 - (8 - -1)?
-8
What is 6 + (-9 - -4) - (-1 - -4)?
-2
Evaluate -21 + (10 - 2) - -12.
-1
What is -29 - (-14 + 8 + -10)?
-13
What is (-3 - -8) + 8 + -2?
11
5 + -1 + -1 - (18 - (-14 - -17))
-12
What is the value of (30 + -10 - 17) + -24?
-21
What is -5 + 3 + -3 - (-5 + 2 + 2)?
-4
Evaluate (14 - 10 - (1 + (4 - 7))) + -6.
0
What is -7 - -6 - 4 - (8 + -11) - -11?
9
What is the value of (-14 - -18 - (2 - 9)) + -8?
3
Calculate 18 + 15 + 3 + -28 + 13.
21
Evaluate 142 + -158 + 5 + -2.
-13
Evaluate -30 - -24 - (1 - 1).
-6
-25 - -2 - (-20 + 15 + (-1 - -13))
-30
What is the value of -5 + -1 - (-12 - (3 + -15))?
-6
What is the value of -47 + (3 - -7) + 16 + 8 + -21?
-34
-5 - (-27 - -21) - (-1 + 5)
-3
Calculate 9 + -3 + (28 - 22).
12
What is the value of -19 - (-8 - 13 - 0)?
2
Calculate (13 - (14 + -8 + 11)) + -3 + 1.
-6
What is (44 - 25) + -7 - (-17 + 2)?
27
Calculate (2 + -6 + -1 - -2 - -9) + -3.
3
What is the value of 2 + -7 + (136 - 136) + (0 - -6)?
1
Calculate 45 + -67 + (3 - -3 - 0).
-16
What is the value of 20 + (9 - (6 - -3)) - 9?
11
Calculate 21 - (82 + -1 + -39).
-21
What is the value of -39 - -81 - 36 - (0 + 46)?
-40
Evaluate -8 + -2 + -9 - (-3 - -4).
-20
What is (-2 - 0) + 413 + -386?
25
What is 5 + -8 + (14 - 2) + -5?
4
-19 + 18 + -4 + -7
-12
Evaluate 1 + -4 - (-17 - (-26 - (17 + -13))).
-16
What is (-13 - -11 - 7 - -9) + -5?
-5
What is -24 - -38 - (-7 - -9 - -9)?
3
Calculate 2 - (27 + (4 - 24) + (1 - -9)).
-15
What is -7 - (-10 - (-5 + 4 + -3 - -3))?
2
-22 + 0 + 251 + -230
-1
-25 - -11 - -7 - -13
6
-17 - (-26 + (29 - 18))
-2
What is -17 + (-8 - -5) - -11?
-9
16 + 9 + 1 + -20 - (31 - 4)
-21
What is the value of 0 + 1 - 6 - (15 + -86 + 28)?
38
What is the value of 1 - (-7 + 21 + -2)?
-11
What is the value of -1 + (1 - 10) - (537 - 535)?
-12
What is the value of 1 + (6 + -10 - -7) + 4?
8
Evaluate (0 - (-3 + -